d by 22.
6
What is the remainder when 863 is divided by 8?
7
What is the remainder when 162 is divided by 39?
6
What is the remainder when 349 is divided by 78?
37
What is the remainder when 2109 is divided by 303?
291
Calculate the remainder when 1101 is divided by 23.
20
Calculate the remainder when 210 is divided by 80.
50
What is the remainder when 1376 is divided by 35?
11
What is the remainder when 87 is divided by 10?
7
What is the remainder when 219 is divided by 15?
9
What is the remainder when 757 is divided by 69?
67
What is the remainder when 2391 is divided by 171?
168
Calculate the remainder when 736 is divided by 57.
52
What is the remainder when 140 is divided by 55?
30
What is the remainder when 184 is divided by 4?
0
Calculate the remainder when 58 is divided by 13.
6
What is the remainder when 477 is divided by 69?
63
What is the remainder when 3920 is divided by 74?
72
What is the remainder when 112 is divided by 77?
35
What is the remainder when 452 is divided by 13?
10
What is the remainder when 6172 is divided by 147?
145
What is the remainder when 762 is divided by 53?
20
What is the remainder when 171 is divided by 86?
85
What is the remainder when 1982 is divided by 354?
212
Calculate the remainder when 850 is divided by 57.
52
Calculate the remainder when 2058 is divided by 92.
34
Calculate the remainder when 45 is divided by 8.
5
Calculate the remainder when 190 is divided by 91.
8
Calculate the remainder when 247 is divided by 23.
17
Calculate the remainder when 120 is divided by 24.
0
What is the remainder when 118 is divided by 11?
8
What is the remainder when 179 is divided by 37?
31
What is the remainder when 632 is divided by 69?
11
What is the remainder when 298 is divided by 97?
7
What is the remainder when 1978 is divided by 45?
43
Calculate the remainder when 934 is divided by 35.
24
Calculate the remainder when 622 is divided by 106.
92
Calculate the remainder when 4284 is divided by 165.
159
Calculate the remainder when 1502 is divided by 375.
2
Calculate the remainder when 1084 is divided by 64.
60
Calculate the remainder when 14647 is divided by 8.
7
Calculate the remainder when 497 is divided by 440.
57
Calculate the remainder when 266 is divided by 81.
23
What is the remainder when 7725 is divided by 184?
181
Calculate the remainder when 103 is divided by 39.
25
Calculate the remainder when 708 is divided by 23.
18
What is the remainder when 94 is divided by 12?
10
Calculate the remainder when 162 is divided by 82.
80
What is the remainder when 46 is divided by 8?
6
Calculate the remainder when 3512 is divided by 698.
22
What is the remainder when 209 is divided by 54?
47
Calculate the remainder when 45 is divided by 23.
22
Calculate the remainder when 3255 is divided by 7.
0
What is the remainder when 160 is divided by 41?
37
Calculate the remainder when 93 is divided by 32.
29
What is the remainder when 1687 is divided by 25?
12
Calculate the remainder when 323 is divided by 47.
41
What is the remainder when 325 is divided by 10?
5
What is the remainder when 1031 is divided by 14?
9
What is the remainder when 354 is divided by 122?
110
What is the remainder when 10356 is divided by 14?
10
What is the remainder when 2990 is divided by 989?
23
What is the remainder when 3192 is divided by 199?
8
What is the remainder when 482 is divided by 427?
55
What is the remainder when 1556 is divided by 714?
128
Calculate the remainder when 1353 is divided by 343.
324
Calculate the remainder when 117 is divided by 15.
12
What is the remainder when 325 is divided by 107?
4
Calculate the remainder when 31 is divided by 22.
9
Calculate the remainder when 8814 is divided by 29.
27
What is the remainder when 476 is divided by 52?
8
Calculate the remainder when 211 is divided by 94.
23
What is the remainder when 726 is divided by 86?
38
What is the remainder when 59 is divided by 27?
5
What is the remainder when 370 is divided by 31?
29
Calculate the remainder when 470 is divided by 24.
14
What is the remainder when 3960 is divided by 55?
0
Calculate the remainder when 442 is divided by 250.
192
What is the remainder when 79 is divided by 62?
17
What is the remainder when 836 is divided by 56?
52
What is the remainder when 10096 is divided by 18?
16
What is the remainder when 3014 is divided by 58?
56
Calculate the remainder when 2339 is divided by 179.
12
Calculate the remainder when 313 is divided by 16.
9
Calculate the remainder when 152 is divided by 79.
73
What is the remainder when 784 is divided by 176?
80
What is the remainder when 59 is divided by 23?
13
What is the remainder when 38 is divided by 4?
2
What is the remainder when 66 is divided by 11?
0
Calculate the remainder when 35 is divided by 12.
11
Calculate the remainder when 92 is divided by 50.
42
Calculate the remainder when 1182 is divided by 172.
150
What is the remainder when 227 is divided by 50?
27
Calculate the remainder when 2047 is divided by 509.
11
Calculate the remainder when 148 is divided by 39.
31
Calculate the remainder when 219 is divided by 11.
10
What is the remainder when 887 is divided by 224?
215
What is the remainder when 74 is divided by 13?
9
What is the remainder when 1119 is divided by 371?
6
What is the remainder when 607 is divided by 38?
37
What is the remainder when 150 is divided by 11?
7
What is the remainder when 808 is divided by 163?
156
Calculate the remainder when 1910 is divided by 400.
310
What is the remainder when 3407 is divided by 71?
70
Calculate the remainder when 252 is divided by 124.
4
What is the remainder when 858 is divided by 142?
6
What is the remainder when 87 is divided by 5?
2
Calculate the remainder when 127 is divided by 10.
7
What is the remainder when 317 is divided by 22?
9
Calculate the remainder when 15399 is divided by 88.
87
Calculate the remainder when 174 is divided by 87.
0
What is the remainder when 138 is divided by 20?
18
What is the remainder when 662 is divided by 220?
2
What is the remainder when 126 is divided by 70?
56
Calculate the remainder when 35 is divided by 3.
2
What is the remainder when 6273 is divided by 523?
520
What is the remainder when 627 is divided by 14?
11
Calculate the remainder when 1287 is divided by 56.
55
What is the remainder when 2689 is divided by 94?
57
What is the remainder when 118 is divided by 35?
13
Calculate the remainder when 57 is divided by 29.
28
Calculate the remainder when 292 is divided by 288.
4
Calculate the remainder when 4933 is divided by 16.
5
Calculate the remainder when 39 is divided by 13.
0
Calculate the remainder when 250 is divided by 119.
12
Calculate the remainder when 72 is divided by 55.
17
What is the remainder when 360 is divided by 37?
27
Calculate the remainder when 214 is divided by 31.
28
What is the remainder when 13279 is divided by 29?
26
Calculate the remainder when 465 is divided by 67.
63
What is the remainder when 46 is divided by 8?
6
Calculate the remainder when 53 is divided by 28.
25
What is the remainder when 1127 is divided by 1055?
72
Calculate the remainder when 74 is divided by 19.
17
What is the remainder when 188 is divided by 60?
8
What is the remainder when 4510 is divided by 141?
139
Calculate the remainder when 329 is divided by 173.
156
What is the remainder when 172 is divided by 13?
3
What is the remainder when 1191 is divided by 173?
153
What is the remainder when 1963 is divided by 82?
77
Calculate the remainder when 14 is divided by 12.
2
What is the remainder when 4013 is divided by 101?
74
Calculate the remainder when 155 is divided by 28.
15
What is the remainder when 265 is divided by 40?
25
Calculate the remainder when 717 is divided by 36.
33
What is the remainder when 210 is divided by 114?
96
Calculate the remainder when 708 is divided by 258.
192
What is the remainder when 354 is divided by 21?
18
Calculate the remainder when 4690 is divided by 1562.
4
What is the remainder when 25 is divided by 11?
3
Calculate the remainder when 393 is divided by 44.
41
What is the remainder when 32 is divided by 31?
1
What is the remainder when 1498 is divided by 12?
10
What is the remainder when 852 is divided by 55?
27
Calculate the remainder when 75 is divided by 40.
35
What is the re